ime?
False
Is 86617 a prime number?
False
Is 1361 prime?
True
Is 15809 a composite number?
False
Is 1559723 a composite number?
True
Is 841 prime?
False
Is 97417 composite?
True
Is 380417 prime?
True
Is 6005 a prime number?
False
Is 4751 prime?
True
Is 194929 prime?
False
Is 8261 prime?
False
Is 1393761 prime?
False
Is 239 prime?
True
Is 33049 prime?
True
Is 85321 a prime number?
False
Is 4421 prime?
True
Is 44467 a prime number?
False
Is 2411 prime?
True
Is 43379 a prime number?
False
Is 78121 prime?
True
Is 1069753 a prime number?
False
Is 164789 a composite number?
False
Is 43003 composite?
False
Is 161503 prime?
True
Is 91 composite?
True
Is 28849 prime?
False
Is 13517 a composite number?
True
Is 7034 a prime number?
False
Is 75567 prime?
False
Is 53293 composite?
True
Is 339 composite?
True
Is 1050317 prime?
True
Is 39521 a prime number?
True
Is 2280907 prime?
False
Is 2609 a prime number?
True
Is 27046 composite?
True
Is 33403 a composite number?
False
Is 207227 a prime number?
True
Is 241639 composite?
False
Is 105863 composite?
False
Is 17735 a prime number?
False
Is 1416931 composite?
False
Is 373823 a prime number?
True
Is 635507 composite?
False
Is 699863 a composite number?
False
Is 1817 a prime number?
False
Is 3953 composite?
True
Is 144641 a prime number?
False
Is 98843 prime?
False
Is 4127 prime?
True
Is 1263 prime?
False
Is 5297 a composite number?
False
Is 67829 prime?
True
Is 41351 prime?
True
Is 8749 composite?
True
Is 233407 prime?
True
Is 236261 prime?
True
Is 1236827 prime?
True
Is 17093 prime?
True
Is 2811041 prime?
True
Is 121621 prime?
True
Is 6998 composite?
True
Is 391267 composite?
True
Is 649991 prime?
True
Is 9865 a composite number?
True
Is 114143 prime?
True
Is 18229 prime?
True
Is 211 a prime number?
True
Is 1511 a composite number?
False
Is 14215 composite?
True
Is 1523001 a prime number?
False
Is 71367 a composite number?
True
Is 1523429 prime?
True
Is 361721 composite?
True
Is 1081331 composite?
False
Is 586 composite?
True
Is 21139 a prime number?
True
Is 2078539 prime?
False
Is 1264447 prime?
True
Is 15101 a prime number?
True
Is 41579 a composite number?
False
Is 36061 prime?
True
Is 6733 a composite number?
False
Is 4031 a prime number?
False
Is 1457 a composite number?
True
Is 3967 prime?
True
Is 41833 composite?
True
Is 6599 prime?
True
Is 70289 composite?
False
Is 31669 a composite number?
True
Is 42821 composite?
False
Is 5161 a prime number?
False
Is 663874 a prime number?
False
Is 10511 a composite number?
True
Is 11677 a prime number?
True
Is 6599 a prime number?
True
Is 2503 a composite number?
False
Is 341057 a prime number?
True
Is 319541 prime?
True
Is 18053 a prime number?
False
Is 805433 prime?
False
Is 26905 a prime number?
False
Is 124169 a prime number?
False
Is 5779 prime?
True
Is 44521 a composite number?
True
Is 14621 prime?
True
Is 91981 prime?
False
Is 1461217 a composite number?
True
Is 241246 composite?
True
Is 1194707 prime?
True
Is 6385 prime?
False
Is 5507 composite?
False
Is 16273 a prime number?
True
Is 61141 a prime number?
True
Is 34027 prime?
False
Is 1402 prime?
False
Is 113891 prime?
True
Is 148609 a prime number?
True
Is 3089 prime?
True
Is 4609 a composite number?
True
Is 767993 prime?
False
Is 223 composite?
False
Is 503183 composite?
True
Is 66587 prime?
True
Is 277041 a prime number?
False
Is 3659 a prime number?
True
Is 331 a composite number?
False
Is 173473 a composite number?
False
Is 729637 a composite number?
False
Is 25255 composite?
True
Is 494911 composite?
True
Is 9277 composite?
False
Is 10111 a prime number?
True
Is 290723 prime?
False
Is 335249 a prime number?
True
Is 6029 a composite number?
False
Is 23249 prime?
False
Is 1608331 composite?
True
Is 134989 prime?
True
Is 393 composite?
True
Is 361417 a prime number?
False
Is 38989 prime?
False
Is 1928561 a composite number?
False
Is 50357 a prime number?
False
Is 59559 prime?
False
Is 908133 composite?
True
Is 70261 prime?
False
Is 499 a prime number?
True
Is 100183 prime?
True
Is 332287 prime?
True
Is 22303 a prime number?
True
Is 80897 a prime number?
True
Is 224069 a composite number?
False
Is 10753 composite?
False
Is 23159 composite?
False
Is 4850735 prime?
False
Is 12047 prime?
False
Is 57881 a composite number?
False
Is 8915 a composite number?
True
Is 234457 a prime number?
True
Is 13349 a prime number?
False
Is 36379 composite?
True
Is 557261 composite?
False
Is 367085 a composite number?
True
Is 12091 a composite number?
True
Is 730651 a composite number?
True
Is 3109 a composite number?
False
Is 1055 prime?
False
Is 714107 a composite number?
False
Is 26333 prime?
False
Is 43637 prime?
False
Is 71387 a prime number?
True
Is 1419809 a composite number?
False
Is 2579 a composite number?
False
Is 439 composite?
False
Is 116393 composite?
True
Is 48947 a prime number?
True
Is 3563 prime?
False
Is 1652609 a composite number?
True
Is 1973 prime?
True
Is 41579 a prime number?
True
Is 9391 prime?
True
Is 391273 prime?
True
Is 9647 a composite number?
True
Is 1243846 a composite number?
True
Is 5449 prime?
True
Is 8059 prime?
True
Is 10129 composite?
True
Is 41467 prime?
True
Is 1903 composite?
True
Is 1337761 composite?
True
Is 9031 a prime number?
False
Is 200437 prime?
True
Is 70051 prime?
True
Is 275543 a prime number?
True
Is 1848023 a prime number?
True
Is 1557469 prime?
True
Is 147998 composite?
True
Is 173153 prime?
False
Is 48935 prime?
False
Is 10937 composite?
False
Is 3221 prime?
True
Is 12059 composite?
True
Is 1676739 a composite number?
True
Is 18251 composite?
False
Is 173473 a composite number?
False
Is 9719 a prime number?
True
Is 11474 prime?
False
Is 759013 prime?
False
Is 15817 a composite number?
False
Is 4906031 a composite number?
True
Is 386683 a prime number?
False
Is 279145 composite?
True
Is 650911 a prime number?
True
Is 37447 a composite number?
False
Is 171683 composite?
True
Is 121529 a prime number?
False
Is 6109 prime?
False
Is 451519 prime?
True
Is 635029 a composite number?
True
Is 1170439 a prime number?
False
Is 170383 composite?
False
Is 256007 a composite number?
True
Is 3050326 a composite number?
True
Is 6619 composite?
False
Is 45361 composite?
False
Is 87127 a prime number?
False
Is 51479 a composite number?
False
Is 141 a composite number?
True
Is 679 a composite number?
True
Is 879371 prime?
True
Is 42193 a composite number?
False
Is 82003 a composite number?
False
Is 2980453 composite?
True
Is 19207 a prime number?
True
Is 705697 a prime number?
False
Is 2833 composite?
False
Is 106087 a composite number?
False
Is 360017 a composite number?
True
Is 91587 composite?
True
Is 116153 composite?
True
Is 975813 composite?
True
Is 23113 composite?
True
Is 23149 a prime number?
False
Is 60821 composite?
False
Is 1409 a composite number?
False
Is 1931 a composite number?
False
Is 1735941 composite?
True
Is 2787 a prime number?
False
Is 14431 a prime number?
True
Is 1561 a prime number?
False
Is 36847 composite?
False
Is 212369 prime?
True
Is 199718 composite?
True
Is 7993 prime?
True
Is 122777 prime?
True
Is 6143 a composite number?
False
Is 41623 composite?
True
Is 371 composite?
True
Is 1973 prime?
True
Is 27143 a composite number?
False
Is 2112953 composite?
False
Is 15133 composite?
True
Is 3377 a prime number?
False
Is 29429 a prime number?
True
Is 15121 prime?
True
Is 883 a prime number?
True
Is 6023 composite?
True
Is 3847 prime?
True
Is 10663 composite?
False
Is 3489 a composite number?
True
Is 1158401 prime?
True
Is 27901 prime?
True
Is 389219 a composite number?
False
Is 502121 a composite number?
False
Is 12379 composite?
False
Is 4701 a prime number?
False
Is 198673 composite?
False
Is 574247 composite?
True
Is 1065511 prime?
True
Is 22709 a composite number?
False
Is 50983 composite?
True
Is 736429 prime?
True
Is 715339 composite?
False
Is 416083 prime?
False
Is 5091 a prime number?
False
Is 97511 composite?
False
Is 508901 a composite number?
False
Is 537 prime?
False
Is 2486059 composite?
False
Is 9871 composite?
False
Is 369363 a composite number?
True
Is 1148909 prime?
False
Is 307 composite?
False
Is 49139 prime?
True
Is 244519 a prime number?
False
Is 8917 a composite number?
True
Is 540893 a composite number?
True
Is 13417 a prime number?
